{"id":23837,"date":"2019-04-22T09:32:34","date_gmt":"2019-04-22T09:32:34","guid":{"rendered":"https:\/\/deutschcolor.com\/de\/?post_type=product&#038;p=23837"},"modified":"2020-01-05T21:41:04","modified_gmt":"2020-01-05T21:41:04","slug":"alpen-profi-32","status":"publish","type":"product","link":"https:\/\/deutschcolor.com\/de\/product\/alpen-profi-32\/","title":{"rendered":"Alpen Profi &#8211; 32"},"content":{"rendered":"<p><strong>EIGENSCHAFTEN<\/strong><br \/>\n\u2022 Matteffekt<br \/>\n\u2022 Sehr guter Wei\u00dfgrad<br \/>\n\u2022 Erh\u00e4ltlich in 2 Basen, W und P \u2022 Gute Abdeckung<br \/>\n\u2022 Gute Kletterkenntnisse<\/p>\n<p><strong>Anwendungsempfehlungen<\/strong><br \/>\nEs wird auf allen Au\u00dfenw\u00e4nden verwendet, z. B .: Graffitifassade, Fugenm\u00f6rtel, Kitt, Betonfertigteiloberfl\u00e4chen usw.<\/p>\n<p>###<\/p>\n<p><strong>Hinweise<\/strong><br \/>\nAuf frischen Betonoberfl\u00e4chen sowie auf trockenen Graphitoberfl\u00e4chen wird empfohlen, das Produkt mindestens nach 30-40 Tagen aufzutragen. Es wird empfohlen, das Produkt nicht bei Temperaturen unter 5 \u00b0 C anzuwenden.<\/p>\n<p><strong>Verpackung<\/strong><br \/>\nPlastikeimer 3lt \/ 9lt \/ 15lt.<\/p>\n","protected":false},"excerpt":{"rendered":"<p>Sparsame Acrylfarbe f\u00fcr den Au\u00dfenbereich mit guten Beschichtungs- und Verlaufseigenschaften<\/p>\n","protected":false},"featured_media":24391,"template":"","meta":{"om_disable_all_campaigns":false,"_monsterinsights_skip_tracking":false,"_monsterinsights_sitenote_active":false,"_monsterinsights_sitenote_note":"","_monsterinsights_sitenote_category":0},"class_list":["post-23837","product","type-product","status-publish","has-post-thumbnail","hentry","product_cat-paints","product_cat-outdoor-paints"],"aioseo_notices":[],"_links":{"self":[{"href":"https:\/\/deutschcolor.com\/de\/wp-json\/wp\/v2\/product\/23837","targetHints":{"allow":["GET"]}}],"collection":[{"href":"https:\/\/deutschcolor.com\/de\/wp-json\/wp\/v2\/product"}],"about":[{"href":"https:\/\/deutschcolor.com\/de\/wp-json\/wp\/v2\/types\/product"}],"wp:featuredmedia":[{"embeddable":true,"href":"https:\/\/deutschcolor.com\/de\/wp-json\/wp\/v2\/media\/24391"}],"wp:attachment":[{"href":"https:\/\/deutschcolor.com\/de\/wp-json\/wp\/v2\/media?parent=23837"}],"curies":[{"name":"wp","href":"https:\/\/api.w.org\/{rel}","templated":true}]}}

<p><strong>EIGENSCHAFTEN</strong><br />
• Matteffekt<br />
• Sehr guter Weißgrad<br />
• Erhältlich in 2 Basen, W und P • Gute Abdeckung<br />
• Gute Kletterkenntnisse</p>
<p><strong>Anwendungsempfehlungen</strong><br />
Es wird auf allen Außenwänden verwendet, z. B .: Graffitifassade, Fugenmörtel, Kitt, Betonfertigteiloberflächen usw.</p>
<p>###</p>
<p><strong>Hinweise</strong><br />
Auf frischen Betonoberflächen sowie auf trockenen Graphitoberflächen wird empfohlen, das Produkt mindestens nach 30-40 Tagen aufzutragen. Es wird empfohlen, das Produkt nicht bei Temperaturen unter 5 ° C anzuwenden.</p>
<p><strong>Verpackung</strong><br />
Plastikeimer 3lt / 9lt / 15lt.</p>

<p>Sparsame Acrylfarbe für den Außenbereich mit guten Beschichtungs- und Verlaufseigenschaften</p>
