{"id":23907,"date":"2019-04-22T10:03:57","date_gmt":"2019-04-22T10:03:57","guid":{"rendered":"https:\/\/deutschcolor.com\/de\/?post_type=product&#038;p=23907"},"modified":"2020-01-05T21:55:28","modified_gmt":"2020-01-05T21:55:28","slug":"venice","status":"publish","type":"product","link":"https:\/\/deutschcolor.com\/de\/product\/venice\/","title":{"rendered":"Venice"},"content":{"rendered":"<p><strong>EIGENSCHAFTEN<\/strong><br \/>\n\u2022 Starkes Kleben<br \/>\n\u2022 Einfache Anwendung<br \/>\n\u2022 Mit Glanzeffekt<br \/>\n\u2022 Polierte Endoberfl\u00e4che<\/p>\n<p><strong>Anwendungsempfehlungen<\/strong><br \/>\nVenedig kann in Innenr\u00e4umen wie angewendet werden; neue und alte Beschichtungen auf Zementbasis, Betonoberfl\u00e4chen, Gipsoberfl\u00e4chen und Gipsplatten sowie organische oder mineralische Beschichtungen, die trocken sind.<\/p>\n<p>###<\/p>\n<p><strong>Hinwiese<\/strong><br \/>\n\u2022 Der Verbrauch wird stark von der Saugf\u00e4higkeit und Rauheit der zu lackierenden Oberfl\u00e4che beeinflusst. Abh\u00e4ngig von der Anwendung und der Oberfl\u00e4che variiert die \u00d6ffnungsrate von 1-1,5 kg \/ m2.<\/p>\n<p><strong>Verbrauch<\/strong><br \/>\n10-12m2 \/ lt<\/p>\n<p>Verpackung<br \/>\nPlastikeimer 1lt \/ 5lt.<\/p>\n","protected":false},"excerpt":{"rendered":"<p>Dekorativer Kitt f\u00fcr den Innenbereich, der eine glatte Oberfl\u00e4che ergibt<\/p>\n","protected":false},"featured_media":24408,"template":"","meta":{"om_disable_all_campaigns":false,"_monsterinsights_skip_tracking":false,"_monsterinsights_sitenote_active":false,"_monsterinsights_sitenote_note":"","_monsterinsights_sitenote_category":0},"class_list":["post-23907","product","type-product","status-publish","has-post-thumbnail","hentry","product_cat-paints","product_cat-decorative-paints"],"aioseo_notices":[],"_links":{"self":[{"href":"https:\/\/deutschcolor.com\/de\/wp-json\/wp\/v2\/product\/23907","targetHints":{"allow":["GET"]}}],"collection":[{"href":"https:\/\/deutschcolor.com\/de\/wp-json\/wp\/v2\/product"}],"about":[{"href":"https:\/\/deutschcolor.com\/de\/wp-json\/wp\/v2\/types\/product"}],"wp:featuredmedia":[{"embeddable":true,"href":"https:\/\/deutschcolor.com\/de\/wp-json\/wp\/v2\/media\/24408"}],"wp:attachment":[{"href":"https:\/\/deutschcolor.com\/de\/wp-json\/wp\/v2\/media?parent=23907"}],"curies":[{"name":"wp","href":"https:\/\/api.w.org\/{rel}","templated":true}]}}

<p><strong>EIGENSCHAFTEN</strong><br />
• Starkes Kleben<br />
• Einfache Anwendung<br />
• Mit Glanzeffekt<br />
• Polierte Endoberfläche</p>
<p><strong>Anwendungsempfehlungen</strong><br />
Venedig kann in Innenräumen wie angewendet werden; neue und alte Beschichtungen auf Zementbasis, Betonoberflächen, Gipsoberflächen und Gipsplatten sowie organische oder mineralische Beschichtungen, die trocken sind.</p>
<p>###</p>
<p><strong>Hinwiese</strong><br />
• Der Verbrauch wird stark von der Saugfähigkeit und Rauheit der zu lackierenden Oberfläche beeinflusst. Abhängig von der Anwendung und der Oberfläche variiert die Öffnungsrate von 1-1,5 kg / m2.</p>
<p><strong>Verbrauch</strong><br />
10-12m2 / lt</p>
<p>Verpackung<br />
Plastikeimer 1lt / 5lt.</p>

<p>Dekorativer Kitt für den Innenbereich, der eine glatte Oberfläche ergibt</p>
