{"id":24020,"date":"2019-04-22T14:49:48","date_gmt":"2019-04-22T14:49:48","guid":{"rendered":"https:\/\/deutschcolor.com\/de\/?post_type=product&#038;p=24020"},"modified":"2020-01-06T09:31:48","modified_gmt":"2020-01-06T09:31:48","slug":"faust-lack-sn","status":"publish","type":"product","link":"https:\/\/deutschcolor.com\/de\/product\/faust-lack-sn\/","title":{"rendered":"Faust Lack SN"},"content":{"rendered":"<p><strong>EIGENSCHAFTEN<\/strong><br \/>\n\u2022 Sehr hoher Wei\u00dfgrad<br \/>\n\u2022 Perfekte Oberfl\u00e4che<br \/>\n\u2022 Hervorragende Abdeckung<br \/>\n\u2022 Perfekte Verarbeitbarkeit und Nivellierung<br \/>\n\u2022 Enth\u00e4lt Vergilbungsschutzadditive<br \/>\n\u2022 Erh\u00e4ltlich in 4 Basen W, P, D und TR<br \/>\n\u2022 Pigmentiert nach dem DCTS-System<br \/>\n\u2022 Sehr starke Haftung und schnelles Trocknen<\/p>\n<p>###<\/p>\n<p><strong>HINWEIS<\/strong><br \/>\nEs wird empfohlen, die Anwendung des Produkts bei Temperaturen unter 5 \u00b0 C zu vermeiden.<br \/>\nFaust Lack GL-Fassungen werden ausschlie\u00dflich zur Herstellung von Farbt\u00f6nen \u00fcber das DCTS-System verwendet.<\/p>\n<p><strong>Verbrauch<\/strong><br \/>\n8-9m2 \/ lt<\/p>\n<p><strong>Verpackung<\/strong><br \/>\n0,75 l Dosen.<\/p>\n","protected":false},"excerpt":{"rendered":"<p>Seidenmatte Holz- und Metallfarbe auf Wasserbasis mit der innovativsten und umweltfreundlichsten Wasser Protect-Formel<\/p>\n","protected":false},"featured_media":24438,"template":"","meta":{"om_disable_all_campaigns":false,"_monsterinsights_skip_tracking":false,"_monsterinsights_sitenote_active":false,"_monsterinsights_sitenote_note":"","_monsterinsights_sitenote_category":0},"class_list":["post-24020","product","type-product","status-publish","has-post-thumbnail","hentry","product_cat-metal-paints","product_cat-paints-for-metals"],"aioseo_notices":[],"_links":{"self":[{"href":"https:\/\/deutschcolor.com\/de\/wp-json\/wp\/v2\/product\/24020","targetHints":{"allow":["GET"]}}],"collection":[{"href":"https:\/\/deutschcolor.com\/de\/wp-json\/wp\/v2\/product"}],"about":[{"href":"https:\/\/deutschcolor.com\/de\/wp-json\/wp\/v2\/types\/product"}],"wp:featuredmedia":[{"embeddable":true,"href":"https:\/\/deutschcolor.com\/de\/wp-json\/wp\/v2\/media\/24438"}],"wp:attachment":[{"href":"https:\/\/deutschcolor.com\/de\/wp-json\/wp\/v2\/media?parent=24020"}],"curies":[{"name":"wp","href":"https:\/\/api.w.org\/{rel}","templated":true}]}}

<p><strong>EIGENSCHAFTEN</strong><br />
• Sehr hoher Weißgrad<br />
• Perfekte Oberfläche<br />
• Hervorragende Abdeckung<br />
• Perfekte Verarbeitbarkeit und Nivellierung<br />
• Enthält Vergilbungsschutzadditive<br />
• Erhältlich in 4 Basen W, P, D und TR<br />
• Pigmentiert nach dem DCTS-System<br />
• Sehr starke Haftung und schnelles Trocknen</p>
<p>###</p>
<p><strong>HINWEIS</strong><br />
Es wird empfohlen, die Anwendung des Produkts bei Temperaturen unter 5 ° C zu vermeiden.<br />
Faust Lack GL-Fassungen werden ausschließlich zur Herstellung von Farbtönen über das DCTS-System verwendet.</p>
<p><strong>Verbrauch</strong><br />
8-9m2 / lt</p>
<p><strong>Verpackung</strong><br />
0,75 l Dosen.</p>
