{"id":24026,"date":"2019-04-22T14:52:24","date_gmt":"2019-04-22T14:52:24","guid":{"rendered":"https:\/\/deutschcolor.com\/de\/?post_type=product&#038;p=24026"},"modified":"2020-01-06T09:35:16","modified_gmt":"2020-01-06T09:35:16","slug":"epo-farbe-sv","status":"publish","type":"product","link":"https:\/\/deutschcolor.com\/de\/product\/epo-farbe-sv\/","title":{"rendered":"Epo Farbe SV"},"content":{"rendered":"<p><strong>EIGENSCHAFTEN<\/strong><br \/>\n\u2022 UV-Best\u00e4ndigkeit<br \/>\n\u2022 Hohe Helligkeit<br \/>\n\u2022 Hervorragendes Kleben<br \/>\n\u2022 Auf Alkydfarbe kleben<br \/>\n\u2022 Halten Sie sich an rostigen Oberfl\u00e4chen fest<br \/>\n\u2022 Hohes Eindringen in rostige Oberfl\u00e4chen<br \/>\n\u2022 Chemische Best\u00e4ndigkeit gegen Korrosion und Wasser<\/p>\n<p>###<\/p>\n<p><strong>LAGERUNG UND HALTBARKEIT <\/strong><br \/>\n36 Monate bei versiegelter Verpackung und unter normalen Bedingungen.<\/p>\n<p><strong>HINWEIS<\/strong><br \/>\nEs wird empfohlen, die Anwendung des Produkts bei Temperaturen unter 5 \u00b0 C zu vermeiden.<\/p>\n<p><strong>Verpackung<\/strong><br \/>\n0,75 l Dosen.<\/p>\n","protected":false},"excerpt":{"rendered":"<p>Epoxidharzlack, bestehend aus zwei Komponenten, f\u00fcr metallische Oberfl\u00e4chen, in verschiedenen Farben erh\u00e4ltlich<\/p>\n","protected":false},"featured_media":24440,"template":"","meta":{"om_disable_all_campaigns":false,"_monsterinsights_skip_tracking":false,"_monsterinsights_sitenote_active":false,"_monsterinsights_sitenote_note":"","_monsterinsights_sitenote_category":0},"class_list":["post-24026","product","type-product","status-publish","has-post-thumbnail","hentry","product_cat-metal-paints","product_cat-paints-for-metals"],"aioseo_notices":[],"_links":{"self":[{"href":"https:\/\/deutschcolor.com\/de\/wp-json\/wp\/v2\/product\/24026","targetHints":{"allow":["GET"]}}],"collection":[{"href":"https:\/\/deutschcolor.com\/de\/wp-json\/wp\/v2\/product"}],"about":[{"href":"https:\/\/deutschcolor.com\/de\/wp-json\/wp\/v2\/types\/product"}],"wp:featuredmedia":[{"embeddable":true,"href":"https:\/\/deutschcolor.com\/de\/wp-json\/wp\/v2\/media\/24440"}],"wp:attachment":[{"href":"https:\/\/deutschcolor.com\/de\/wp-json\/wp\/v2\/media?parent=24026"}],"curies":[{"name":"wp","href":"https:\/\/api.w.org\/{rel}","templated":true}]}}

<p><strong>EIGENSCHAFTEN</strong><br />
• UV-Beständigkeit<br />
• Hohe Helligkeit<br />
• Hervorragendes Kleben<br />
• Auf Alkydfarbe kleben<br />
• Halten Sie sich an rostigen Oberflächen fest<br />
• Hohes Eindringen in rostige Oberflächen<br />
• Chemische Beständigkeit gegen Korrosion und Wasser</p>
<p>###</p>
<p><strong>LAGERUNG UND HALTBARKEIT </strong><br />
36 Monate bei versiegelter Verpackung und unter normalen Bedingungen.</p>
<p><strong>HINWEIS</strong><br />
Es wird empfohlen, die Anwendung des Produkts bei Temperaturen unter 5 ° C zu vermeiden.</p>
<p><strong>Verpackung</strong><br />
0,75 l Dosen.</p>

<p>Epoxidharzlack, bestehend aus zwei Komponenten, für metallische Oberflächen, in verschiedenen Farben erhältlich</p>
