{"id":24106,"date":"2019-04-22T20:35:05","date_gmt":"2019-04-22T20:35:05","guid":{"rendered":"https:\/\/deutschcolor.com\/de\/?post_type=product&#038;p=24106"},"modified":"2020-01-06T11:19:15","modified_gmt":"2020-01-06T11:19:15","slug":"compact-lack-gl","status":"publish","type":"product","link":"https:\/\/deutschcolor.com\/de\/product\/compact-lack-gl\/","title":{"rendered":"Compact Lack GL"},"content":{"rendered":"<p><strong>Produkteigenschaften<\/strong><br \/>\n\u2022 In 8 Farben erh\u00e4ltlich<br \/>\n\u2022 Elastische und harte Oberfl\u00e4che<br \/>\n\u2022 Sch\u00fctzt die nat\u00fcrliche Sch\u00f6nheit von Holz<br \/>\n\u2022 Hervorragende Verarbeitbarkeit und Nivellierung<br \/>\n\u2022 Sehr starke Haftung und schnelles Trocknen<br \/>\n\u2022 Lang anhaltende Farben<\/p>\n<p><strong>Anwendungsempfehlungen<\/strong><br \/>\nIdeal f\u00fcr Holzoberfl\u00e4chen wie T\u00fcren, Fenster, Rahmen, Schr\u00e4nke, Balken und Balken usw.<\/p>\n<p>###<\/p>\n<p><strong>Lagerung und Haltbarkeit<\/strong><br \/>\n36 Monate bei versiegelter Verpackung und unter normalen Bedingungen.<\/p>\n<p><strong>Hinweise<\/strong><br \/>\nEs wird empfohlen, die Anwendung des Produkts bei Temperaturen unter 5 \u00b0 C zu vermeiden.<\/p>\n<p><strong>Verpackung<\/strong><br \/>\n1lt Dosen<\/p>\n","protected":false},"excerpt":{"rendered":"<p>Transparenter und farbiger Lack f\u00fcr Holzoberfl\u00e4chen, ergibt einen gl\u00e4nzenden Effekt f\u00fcr den Innenbereich<\/p>\n","protected":false},"featured_media":24463,"template":"","meta":{"om_disable_all_campaigns":false,"_monsterinsights_skip_tracking":false,"_monsterinsights_sitenote_active":false,"_monsterinsights_sitenote_note":"","_monsterinsights_sitenote_category":0},"class_list":["post-24106","product","type-product","status-publish","has-post-thumbnail","hentry","product_cat-products-suitable-for-wood","product_cat-paints-for-wood"],"aioseo_notices":[],"_links":{"self":[{"href":"https:\/\/deutschcolor.com\/de\/wp-json\/wp\/v2\/product\/24106","targetHints":{"allow":["GET"]}}],"collection":[{"href":"https:\/\/deutschcolor.com\/de\/wp-json\/wp\/v2\/product"}],"about":[{"href":"https:\/\/deutschcolor.com\/de\/wp-json\/wp\/v2\/types\/product"}],"wp:featuredmedia":[{"embeddable":true,"href":"https:\/\/deutschcolor.com\/de\/wp-json\/wp\/v2\/media\/24463"}],"wp:attachment":[{"href":"https:\/\/deutschcolor.com\/de\/wp-json\/wp\/v2\/media?parent=24106"}],"curies":[{"name":"wp","href":"https:\/\/api.w.org\/{rel}","templated":true}]}}

<p><strong>Produkteigenschaften</strong><br />
• In 8 Farben erhältlich<br />
• Elastische und harte Oberfläche<br />
• Schützt die natürliche Schönheit von Holz<br />
• Hervorragende Verarbeitbarkeit und Nivellierung<br />
• Sehr starke Haftung und schnelles Trocknen<br />
• Lang anhaltende Farben</p>
<p><strong>Anwendungsempfehlungen</strong><br />
Ideal für Holzoberflächen wie Türen, Fenster, Rahmen, Schränke, Balken und Balken usw.</p>
<p>###</p>
<p><strong>Lagerung und Haltbarkeit</strong><br />
36 Monate bei versiegelter Verpackung und unter normalen Bedingungen.</p>
<p><strong>Hinweise</strong><br />
Es wird empfohlen, die Anwendung des Produkts bei Temperaturen unter 5 ° C zu vermeiden.</p>
<p><strong>Verpackung</strong><br />
1lt Dosen</p>

<p>Transparenter und farbiger Lack für Holzoberflächen, ergibt einen glänzenden Effekt für den Innenbereich</p>
