{"id":24112,"date":"2019-04-22T20:37:10","date_gmt":"2019-04-22T20:37:10","guid":{"rendered":"https:\/\/deutschcolor.com\/de\/?post_type=product&#038;p=24112"},"modified":"2020-01-06T11:21:00","modified_gmt":"2020-01-06T11:21:00","slug":"compact-lack-sn","status":"publish","type":"product","link":"https:\/\/deutschcolor.com\/de\/product\/compact-lack-sn\/","title":{"rendered":"Compact Lack SN"},"content":{"rendered":"<p><strong>Eigenschaften<\/strong><br \/>\n\u2022 In 8 Farben erh\u00e4ltlich<br \/>\n\u2022 Elastische und harte Oberfl\u00e4che<br \/>\n\u2022 Sch\u00fctzt die nat\u00fcrliche Sch\u00f6nheit von Holz<br \/>\n\u2022 Hervorragende Verarbeitbarkeit und Nivellierung<br \/>\n\u2022 Sehr starke Haftung und schnelles Trocknen<br \/>\n\u2022 Lang anhaltende Farben<\/p>\n<p><strong>Anwendungsempfehlungen<\/strong><br \/>\nIdeal f\u00fcr Holzoberfl\u00e4chen wie T\u00fcren, Fensterrahmen, Schr\u00e4nke, Balken und Balken usw.<\/p>\n<p>###<br \/>\n<strong>Lagerung und Haltbarkeit<\/strong><br \/>\n36 Monate bei versiegelter Verpackung und unter normalen Bedingungen.<\/p>\n<p><strong>Hinweise<\/strong><br \/>\nEs wird empfohlen, das Produkt nicht bei Temperaturen unter 5 \u00b0 C aufzutragen.<\/p>\n<p><strong>Verpackung<\/strong><br \/>\n0,75 l Dosen.<\/p>\n","protected":false},"excerpt":{"rendered":"<p>Transparent- und Farbspray f\u00fcr Holzoberfl\u00e4chen, wirkt seidenmatt, f\u00fcr den Innenbereich<\/p>\n","protected":false},"featured_media":24464,"template":"","meta":{"om_disable_all_campaigns":false,"_monsterinsights_skip_tracking":false,"_monsterinsights_sitenote_active":false,"_monsterinsights_sitenote_note":"","_monsterinsights_sitenote_category":0},"class_list":["post-24112","product","type-product","status-publish","has-post-thumbnail","hentry","product_cat-products-suitable-for-wood","product_cat-paints-for-wood"],"aioseo_notices":[],"_links":{"self":[{"href":"https:\/\/deutschcolor.com\/de\/wp-json\/wp\/v2\/product\/24112","targetHints":{"allow":["GET"]}}],"collection":[{"href":"https:\/\/deutschcolor.com\/de\/wp-json\/wp\/v2\/product"}],"about":[{"href":"https:\/\/deutschcolor.com\/de\/wp-json\/wp\/v2\/types\/product"}],"wp:featuredmedia":[{"embeddable":true,"href":"https:\/\/deutschcolor.com\/de\/wp-json\/wp\/v2\/media\/24464"}],"wp:attachment":[{"href":"https:\/\/deutschcolor.com\/de\/wp-json\/wp\/v2\/media?parent=24112"}],"curies":[{"name":"wp","href":"https:\/\/api.w.org\/{rel}","templated":true}]}}

<p><strong>Eigenschaften</strong><br />
• In 8 Farben erhältlich<br />
• Elastische und harte Oberfläche<br />
• Schützt die natürliche Schönheit von Holz<br />
• Hervorragende Verarbeitbarkeit und Nivellierung<br />
• Sehr starke Haftung und schnelles Trocknen<br />
• Lang anhaltende Farben</p>
<p><strong>Anwendungsempfehlungen</strong><br />
Ideal für Holzoberflächen wie Türen, Fensterrahmen, Schränke, Balken und Balken usw.</p>
<p>###<br />
<strong>Lagerung und Haltbarkeit</strong><br />
36 Monate bei versiegelter Verpackung und unter normalen Bedingungen.</p>
<p><strong>Hinweise</strong><br />
Es wird empfohlen, das Produkt nicht bei Temperaturen unter 5 ° C aufzutragen.</p>
<p><strong>Verpackung</strong><br />
0,75 l Dosen.</p>

<p>Transparent- und Farbspray für Holzoberflächen, wirkt seidenmatt, für den Innenbereich</p>
