{"id":24114,"date":"2019-04-22T20:39:03","date_gmt":"2019-04-22T20:39:03","guid":{"rendered":"https:\/\/deutschcolor.com\/de\/?post_type=product&#038;p=24114"},"modified":"2020-01-06T11:21:32","modified_gmt":"2020-01-06T11:21:32","slug":"compact-lack-extra","status":"publish","type":"product","link":"https:\/\/deutschcolor.com\/de\/product\/compact-lack-extra\/","title":{"rendered":"Compact Lack Extra"},"content":{"rendered":"<p><strong>Produkteigenschaften<\/strong><br \/>\n\u2022 Hervorragende Verarbeitbarkeit und Nivellierung<br \/>\n\u2022 Sch\u00fctzt und verst\u00e4rkt die nat\u00fcrliche Sch\u00f6nheit von Holz<br \/>\n\u2022 Sehr starke Haftung und schnelles Trocknen<br \/>\n\u2022 Elastische Oberfl\u00e4che, stark und sehr widerstandsf\u00e4hig gegen schlechtes Wetter<br \/>\n\u2022 Enth\u00e4lt UV-Filter zum Schutz vor sch\u00e4dlichen Einfl\u00fcssen des Sonnenlichts<\/p>\n<p><strong>Anwendungsempfehlungen<\/strong><br \/>\nIdeal f\u00fcr Holzoberfl\u00e4chen wie T\u00fcren, Fenster, Rahmen, Schr\u00e4nke, Gartenzubeh\u00f6r, Unterst\u00e4nde, Balken und Balken, Z\u00e4une usw.<\/p>\n<p>###<\/p>\n<p><strong>Lagerung und Haltbarkeit<\/strong><br \/>\n36 Monate bei versiegelter Verpackung und unter normalen Bedingungen.<\/p>\n<p><strong>Hinweise<\/strong><br \/>\nEs wird empfohlen, die Anwendung des Produkts bei Temperaturen unter 5 \u00b0 C zu vermeiden.<\/p>\n<p><strong>Verpackung<\/strong><br \/>\n0,75 l Dosen<\/p>\n","protected":false},"excerpt":{"rendered":"<p>Transparenter Holzlack mit UV-Filtern f\u00fcr den perfekten Schutz von Holz im Innen- und Au\u00dfenbereich<\/p>\n","protected":false},"featured_media":24465,"template":"","meta":{"om_disable_all_campaigns":false,"_monsterinsights_skip_tracking":false,"_monsterinsights_sitenote_active":false,"_monsterinsights_sitenote_note":"","_monsterinsights_sitenote_category":0},"class_list":["post-24114","product","type-product","status-publish","has-post-thumbnail","hentry","product_cat-products-suitable-for-wood","product_cat-paints-for-wood"],"aioseo_notices":[],"_links":{"self":[{"href":"https:\/\/deutschcolor.com\/de\/wp-json\/wp\/v2\/product\/24114","targetHints":{"allow":["GET"]}}],"collection":[{"href":"https:\/\/deutschcolor.com\/de\/wp-json\/wp\/v2\/product"}],"about":[{"href":"https:\/\/deutschcolor.com\/de\/wp-json\/wp\/v2\/types\/product"}],"wp:featuredmedia":[{"embeddable":true,"href":"https:\/\/deutschcolor.com\/de\/wp-json\/wp\/v2\/media\/24465"}],"wp:attachment":[{"href":"https:\/\/deutschcolor.com\/de\/wp-json\/wp\/v2\/media?parent=24114"}],"curies":[{"name":"wp","href":"https:\/\/api.w.org\/{rel}","templated":true}]}}

<p><strong>Produkteigenschaften</strong><br />
• Hervorragende Verarbeitbarkeit und Nivellierung<br />
• Schützt und verstärkt die natürliche Schönheit von Holz<br />
• Sehr starke Haftung und schnelles Trocknen<br />
• Elastische Oberfläche, stark und sehr widerstandsfähig gegen schlechtes Wetter<br />
• Enthält UV-Filter zum Schutz vor schädlichen Einflüssen des Sonnenlichts</p>
<p><strong>Anwendungsempfehlungen</strong><br />
Ideal für Holzoberflächen wie Türen, Fenster, Rahmen, Schränke, Gartenzubehör, Unterstände, Balken und Balken, Zäune usw.</p>
<p>###</p>
<p><strong>Lagerung und Haltbarkeit</strong><br />
36 Monate bei versiegelter Verpackung und unter normalen Bedingungen.</p>
<p><strong>Hinweise</strong><br />
Es wird empfohlen, die Anwendung des Produkts bei Temperaturen unter 5 ° C zu vermeiden.</p>
<p><strong>Verpackung</strong><br />
0,75 l Dosen</p>

<p>Transparenter Holzlack mit UV-Filtern für den perfekten Schutz von Holz im Innen- und Außenbereich</p>
