{"id":24552,"date":"2019-08-27T09:07:09","date_gmt":"2019-08-27T09:07:09","guid":{"rendered":"https:\/\/deutschcolor.com\/de\/?post_type=product&#038;p=24552"},"modified":"2020-01-04T21:48:43","modified_gmt":"2020-01-04T21:48:43","slug":"epo-color","status":"publish","type":"product","link":"https:\/\/deutschcolor.com\/de\/product\/epo-color\/","title":{"rendered":"EPO COLOR"},"content":{"rendered":"<p><strong>BESCHREIBUNG<\/strong><br \/>\n&#8211; Ohne L\u00f6sungsmittel<br \/>\n&#8211; Best\u00e4ndigkeit gegen hohe Kompression, Biegung und hohe Haftfestigkeit.<br \/>\n&#8211; Best\u00e4ndig gegen bestimmte S\u00e4uren, Laugen, Betonscheuermittel, Reinigungsmittel, Meerwasser und Salzwasser.<br \/>\n-Ausgezeichnete Bearbeitbarkeit f\u00fcr Boden- und Wandanwendungen<br \/>\n&#8211; Vor dem Aush\u00e4rten leicht mit Wasser reinigen.<br \/>\n-F\u00fcr Abmessungen von 0 &#8211; 12 mm.<br \/>\n-Das Produkt ist nach EN 13888 als RG2-Fliesenkitt und nach EN 12004 als R2T-Fliesenkleber eingestuft.<\/p>\n<p>###<\/p>\n<p><strong>HALTBARKEIT UND LAGERUNG <\/strong><br \/>\n24 Monate in der versiegelten Originalverpackung, an Orten, die vor Feuchtigkeit und direkter Sonneneinstrahlung gesch\u00fctzt sind.<\/p>\n<p><strong>VERPACKUNG<\/strong><br \/>\nPlastikeimer 5Kg.<\/p>\n","protected":false},"excerpt":{"rendered":"<p>Zweikomponenten-, Epoxidklebstoff und Fugen f\u00fcr W\u00e4nde und B\u00f6den.<\/p>\n","protected":false},"featured_media":24553,"template":"","meta":{"om_disable_all_campaigns":false,"_monsterinsights_skip_tracking":false,"_monsterinsights_sitenote_active":false,"_monsterinsights_sitenote_note":"","_monsterinsights_sitenote_category":0},"class_list":["post-24552","product","type-product","status-publish","has-post-thumbnail","hentry","product_cat-tile-grouts","product_cat-epoxy-base-tile-grouts"],"aioseo_notices":[],"_links":{"self":[{"href":"https:\/\/deutschcolor.com\/de\/wp-json\/wp\/v2\/product\/24552","targetHints":{"allow":["GET"]}}],"collection":[{"href":"https:\/\/deutschcolor.com\/de\/wp-json\/wp\/v2\/product"}],"about":[{"href":"https:\/\/deutschcolor.com\/de\/wp-json\/wp\/v2\/types\/product"}],"wp:featuredmedia":[{"embeddable":true,"href":"https:\/\/deutschcolor.com\/de\/wp-json\/wp\/v2\/media\/24553"}],"wp:attachment":[{"href":"https:\/\/deutschcolor.com\/de\/wp-json\/wp\/v2\/media?parent=24552"}],"curies":[{"name":"wp","href":"https:\/\/api.w.org\/{rel}","templated":true}]}}

<p><strong>BESCHREIBUNG</strong><br />
&#8211; Ohne Lösungsmittel<br />
&#8211; Beständigkeit gegen hohe Kompression, Biegung und hohe Haftfestigkeit.<br />
&#8211; Beständig gegen bestimmte Säuren, Laugen, Betonscheuermittel, Reinigungsmittel, Meerwasser und Salzwasser.<br />
-Ausgezeichnete Bearbeitbarkeit für Boden- und Wandanwendungen<br />
&#8211; Vor dem Aushärten leicht mit Wasser reinigen.<br />
-Für Abmessungen von 0 &#8211; 12 mm.<br />
-Das Produkt ist nach EN 13888 als RG2-Fliesenkitt und nach EN 12004 als R2T-Fliesenkleber eingestuft.</p>
<p>###</p>
<p><strong>HALTBARKEIT UND LAGERUNG </strong><br />
24 Monate in der versiegelten Originalverpackung, an Orten, die vor Feuchtigkeit und direkter Sonneneinstrahlung geschützt sind.</p>
<p><strong>VERPACKUNG</strong><br />
Plastikeimer 5Kg.</p>

<p>Zweikomponenten-, Epoxidklebstoff und Fugen für Wände und Böden.</p>
