{"id":23787,"date":"2019-05-22T09:25:25","date_gmt":"2019-05-22T09:25:25","guid":{"rendered":"https:\/\/deutschcolor.com\/it\/?post_type=product&#038;p=23787"},"modified":"2024-12-06T13:27:39","modified_gmt":"2024-12-06T13:27:39","slug":"fm-088","status":"publish","type":"product","link":"https:\/\/deutschcolor.com\/it\/product\/fm-088\/","title":{"rendered":"FM 088"},"content":{"rendered":"<p><strong>Classificazione del prodotto<\/strong><br \/>\nFM 088 \u00e8 classificato come C2TE S2 P1 secondo a EN 12004, base C<br \/>\ncemento, 2 adesivo con una elevata forza di Adesione, E proludato tempo<br \/>\ndi lavoro, T resistenza allo scivolamento.Secondo EN 12002 \u00e8 classificato<br \/>\ncome S2, elevata flessibilit\u00e0 Secondo ISO 13007 e classificata come P1,<br \/>\nnormale forza di Adesione su compesato.<\/p>\n<p><strong>Caratteristiche<\/strong><br \/>\n&#8211; Per uso interno ed esterno<br \/>\n&#8211; Miglioramento dei parametri di lavoro.<br \/>\n&#8211; Per il fissaggio delle piastrelle di ceramica, gr\u00e8s porcellanato in superfici ruvide.<br \/>\n&#8211; Per il fissaggio delle piastrelle di ceramica, gr\u00e8s porcellanato in supporti di gesso dopo essere stati trattati con FM Primer.<br \/>\n&#8211; Per il fissaggio delle piastrelle di ceramica, gr\u00e8s porcellanato su vecchie piastrelle esistenti.<br \/>\n&#8211; Per il fissaggio delle piastrelle di ceramica, gr\u00e8s porcellanato su massettiriscaldanti.<br \/>\n&#8211; Per il fissaggio delle piastrelle di ceramica, gr\u00e8s porcellanato su supporti instabili.<br \/>\n&#8211; Per il fissaggio delle piastrelle di ceramica, gr\u00e8s porcellanato su facciate instabili.<\/p>\n<p>###<\/p>\n<p><strong>Conservazione<\/strong><br \/>\n12 mesi, se immagazzinato in ambienti normali e nella sua confezione<br \/>\noriginale, protetto dalla esposizione diretta al sole e al gelo.<\/p>\n<p><strong>Consumo<\/strong>: 4- 5 kg\/m2<\/p>\n<p><strong>Imballaggio<\/strong>: Sacco 25 kg<\/p>\n","protected":false},"excerpt":{"rendered":"<p>Adesivo cementizio monocomponente alleggerito, altamente deformabile, a tempo aperto alludato, con elevata capacit\u00e0 bagnante, altissima resa, facile spatolabilit\u00e0, per piastrelle in ceramica e materiale lapideo, ideale per la posa di gr\u00e8s porcellanato a basso spessore.<\/p>\n","protected":false},"featured_media":24448,"comment_status":"closed","ping_status":"closed","template":"","meta":{"_monsterinsights_skip_tracking":false,"_monsterinsights_sitenote_active":false,"_monsterinsights_sitenote_note":"","_monsterinsights_sitenote_category":0},"aioseo_notices":[],"_links":{"self":[{"href":"https:\/\/deutschcolor.com\/it\/wp-json\/wp\/v2\/product\/23787"}],"collection":[{"href":"https:\/\/deutschcolor.com\/it\/wp-json\/wp\/v2\/product"}],"about":[{"href":"https:\/\/deutschcolor.com\/it\/wp-json\/wp\/v2\/types\/product"}],"replies":[{"embeddable":true,"href":"https:\/\/deutschcolor.com\/it\/wp-json\/wp\/v2\/comments?post=23787"}],"wp:featuredmedia":[{"embeddable":true,"href":"https:\/\/deutschcolor.com\/it\/wp-json\/wp\/v2\/media\/24448"}],"wp:attachment":[{"href":"https:\/\/deutschcolor.com\/it\/wp-json\/wp\/v2\/media?parent=23787"}],"curies":[{"name":"wp","href":"https:\/\/api.w.org\/{rel}","templated":true}]}}

<p><strong>Classificazione del prodotto</strong><br />
FM 088 è classificato come C2TE S2 P1 secondo a EN 12004, base C<br />
cemento, 2 adesivo con una elevata forza di Adesione, E proludato tempo<br />
di lavoro, T resistenza allo scivolamento.Secondo EN 12002 è classificato<br />
come S2, elevata flessibilità Secondo ISO 13007 e classificata come P1,<br />
normale forza di Adesione su compesato.</p>
<p><strong>Caratteristiche</strong><br />
&#8211; Per uso interno ed esterno<br />
&#8211; Miglioramento dei parametri di lavoro.<br />
&#8211; Per il fissaggio delle piastrelle di ceramica, grès porcellanato in superfici ruvide.<br />
&#8211; Per il fissaggio delle piastrelle di ceramica, grès porcellanato in supporti di gesso dopo essere stati trattati con FM Primer.<br />
&#8211; Per il fissaggio delle piastrelle di ceramica, grès porcellanato su vecchie piastrelle esistenti.<br />
&#8211; Per il fissaggio delle piastrelle di ceramica, grès porcellanato su massettiriscaldanti.<br />
&#8211; Per il fissaggio delle piastrelle di ceramica, grès porcellanato su supporti instabili.<br />
&#8211; Per il fissaggio delle piastrelle di ceramica, grès porcellanato su facciate instabili.</p>
<p>###</p>
<p><strong>Conservazione</strong><br />
12 mesi, se immagazzinato in ambienti normali e nella sua confezione<br />
originale, protetto dalla esposizione diretta al sole e al gelo.</p>
<p><strong>Consumo</strong>: 4- 5 kg/m2</p>
<p><strong>Imballaggio</strong>: Sacco 25 kg</p>

<p>Adesivo cementizio monocomponente alleggerito, altamente deformabile, a tempo aperto alludato, con elevata capacità bagnante, altissima resa, facile spatolabilità, per piastrelle in ceramica e materiale lapideo, ideale per la posa di grès porcellanato a basso spessore.</p>
