{"id":23951,"date":"2019-05-22T16:19:24","date_gmt":"2019-05-22T16:19:24","guid":{"rendered":"https:\/\/deutschcolor.com\/it\/?post_type=product&#038;p=23951"},"modified":"2019-07-11T14:28:24","modified_gmt":"2019-07-11T14:28:24","slug":"plastolit","status":"publish","type":"product","link":"https:\/\/deutschcolor.com\/it\/product\/plastolit\/","title":{"rendered":"PLASTOLIT"},"content":{"rendered":"<p><strong>Caratteristiche<\/strong><br \/>\nPlastolit \u00e8 un prodotto liquido che d\u00e0 alla malta a base di cemento plasticit\u00e0,<br \/>\nforza d\u2019incollaggio e tutti i vantaggi di calce. \u00c8 un supplemento ideale per<br \/>\nla produzione di malte per edilizia, intonaci, strati deboli, ecc. Si aggiunge<br \/>\nall\u2019acqua che si riversa alla malta, e grazie alla sua plasticit\u00e0, la quantit\u00e0<br \/>\nrichiesta d\u2019acqua \u00e8 piu bassa.<\/p>\n<p>###<\/p>\n<p><strong>Conservazione<\/strong><br \/>\nIl prodotto pu\u00f2 essere conservato per 18 mesi nella Confezione originale e<br \/>\nnon aperta, a temperature comprese tra +5\u00b0C a +35\u00b0C.<br \/>\nEvitare l\u2019esposizione del prodotto al sole e al gelo.<\/p>\n<p><strong>Consumo<\/strong>: 0.2- 1 kg\/m2<\/p>\n<p><strong>Imballaggio<\/strong>: Contenitore di plastica 8kg.<\/p>\n","protected":false},"excerpt":{"rendered":"<p>Plastificante per malta- Sostitutivo di calce<\/p>\n","protected":false},"featured_media":24534,"comment_status":"closed","ping_status":"closed","template":"","meta":{"_monsterinsights_skip_tracking":false,"_monsterinsights_sitenote_active":false,"_monsterinsights_sitenote_note":"","_monsterinsights_sitenote_category":0},"aioseo_notices":[],"_links":{"self":[{"href":"https:\/\/deutschcolor.com\/it\/wp-json\/wp\/v2\/product\/23951"}],"collection":[{"href":"https:\/\/deutschcolor.com\/it\/wp-json\/wp\/v2\/product"}],"about":[{"href":"https:\/\/deutschcolor.com\/it\/wp-json\/wp\/v2\/types\/product"}],"replies":[{"embeddable":true,"href":"https:\/\/deutschcolor.com\/it\/wp-json\/wp\/v2\/comments?post=23951"}],"wp:featuredmedia":[{"embeddable":true,"href":"https:\/\/deutschcolor.com\/it\/wp-json\/wp\/v2\/media\/24534"}],"wp:attachment":[{"href":"https:\/\/deutschcolor.com\/it\/wp-json\/wp\/v2\/media?parent=23951"}],"curies":[{"name":"wp","href":"https:\/\/api.w.org\/{rel}","templated":true}]}}

<p><strong>Caratteristiche</strong><br />
Plastolit è un prodotto liquido che dà alla malta a base di cemento plasticità,<br />
forza d’incollaggio e tutti i vantaggi di calce. È un supplemento ideale per<br />
la produzione di malte per edilizia, intonaci, strati deboli, ecc. Si aggiunge<br />
all’acqua che si riversa alla malta, e grazie alla sua plasticità, la quantità<br />
richiesta d’acqua è piu bassa.</p>
<p>###</p>
<p><strong>Conservazione</strong><br />
Il prodotto può essere conservato per 18 mesi nella Confezione originale e<br />
non aperta, a temperature comprese tra +5°C a +35°C.<br />
Evitare l’esposizione del prodotto al sole e al gelo.</p>
<p><strong>Consumo</strong>: 0.2- 1 kg/m2</p>
<p><strong>Imballaggio</strong>: Contenitore di plastica 8kg.</p>
