{"id":23854,"date":"2019-06-07T16:29:30","date_gmt":"2019-06-07T16:29:30","guid":{"rendered":"https:\/\/deutschcolor.com\/sr\/?post_type=product&#038;p=23854"},"modified":"2019-07-12T09:45:23","modified_gmt":"2019-07-12T09:45:23","slug":"3d-fugen","status":"publish","type":"product","link":"https:\/\/deutschcolor.com\/sr\/product\/3d-fugen\/","title":{"rendered":"3D FUGEN"},"content":{"rendered":"<p><strong>Karakteristike<\/strong><br \/>\nDvokomponentna fug masa sa 30 pripremljenih nijansi, bez razbla\u017eiva\u010da,<br \/>\nsa smolom na bazi epoksida i tankim salicil umetcima. Otporan je na<br \/>\nkiseline, alkalije, jaka sredstva za \u010di\u0161\u0107enje, ve\u0107inu organskih razbla\u017eiva\u010da,<br \/>\nhlorisanu i slanu vodu. Izuzetne obradivosti, odli\u010dno prijanja na fuge<br \/>\ni potpuno je vodootporan, ne ostavlja mrlje. Nije porozan, nije pogodan<br \/>\nza razvoj bakterija, lako se \u010disti na svakodnevnom nivou, i otporan je na<br \/>\nrazli\u010dite higijenske uslove. Pogodan je za spojeve od 1\u201310 mm \u0161irine. Po<br \/>\nzavr\u0161enom poslu, povr\u0161ina je potpuno glatka, kao porcelan. Pre nego \u0161to<br \/>\nse u\u010dvrsti lako ga je o\u010distiti mlakom vodom. Proizvod je klasifikovan u<br \/>\nkategoriji RG2, u skladu sa standardom EN 13888.<\/p>\n<p>###<\/p>\n<p><strong>1. &#8211; Priprema povr\u0161ine<\/strong><br \/>\nUkloniti eventualne ostatke cementnog lepka i drugih ne\u010disto\u0107a iz fugi kao<br \/>\ni sa povr\u0161ine granita ili mermera.<\/p>\n<p><strong>2. Nano\u0161enje<\/strong><br \/>\nFuge se pune gumenom gletaricom, dijagonalnim otvaranjem i pritiskom<br \/>\nna fugu, ne ostavljaju\u0107i prazan prostor i ostatke materijala.<\/p>\n<p><strong>Potro\u0161nja<\/strong><br \/>\nZa fugovanje spojeva od 0.2\u20133.0 kg\/m\u00b2, analogno sa debljinom plo\u010dica i<br \/>\n\u0161irinom fugi.<\/p>\n<p><strong>Rok trajanja &#8211; Skladi\u0161tenje<\/strong><br \/>\nNajmanje 24 meseca od datuma proizvodnje ukoliko se \u010duva na suvom, u<br \/>\nprostorijama za\u0161ti\u0107enim od vlage i direktnog izlaganja suncu.<\/p>\n","protected":false},"excerpt":{"rendered":"<p>Dvokomponentna fug masa za plo\u010dice na bazi epoksida.<\/p>\n","protected":false},"featured_media":24506,"template":"","meta":[],"_links":{"self":[{"href":"https:\/\/deutschcolor.com\/sr\/wp-json\/wp\/v2\/product\/23854"}],"collection":[{"href":"https:\/\/deutschcolor.com\/sr\/wp-json\/wp\/v2\/product"}],"about":[{"href":"https:\/\/deutschcolor.com\/sr\/wp-json\/wp\/v2\/types\/product"}],"wp:featuredmedia":[{"embeddable":true,"href":"https:\/\/deutschcolor.com\/sr\/wp-json\/wp\/v2\/media\/24506"}],"wp:attachment":[{"href":"https:\/\/deutschcolor.com\/sr\/wp-json\/wp\/v2\/media?parent=23854"}],"curies":[{"name":"wp","href":"https:\/\/api.w.org\/{rel}","templated":true}]}}

<p><strong>Karakteristike</strong><br />
Dvokomponentna fug masa sa 30 pripremljenih nijansi, bez razblaživača,<br />
sa smolom na bazi epoksida i tankim salicil umetcima. Otporan je na<br />
kiseline, alkalije, jaka sredstva za čišćenje, većinu organskih razblaživača,<br />
hlorisanu i slanu vodu. Izuzetne obradivosti, odlično prijanja na fuge<br />
i potpuno je vodootporan, ne ostavlja mrlje. Nije porozan, nije pogodan<br />
za razvoj bakterija, lako se čisti na svakodnevnom nivou, i otporan je na<br />
različite higijenske uslove. Pogodan je za spojeve od 1–10 mm širine. Po<br />
završenom poslu, površina je potpuno glatka, kao porcelan. Pre nego što<br />
se učvrsti lako ga je očistiti mlakom vodom. Proizvod je klasifikovan u<br />
kategoriji RG2, u skladu sa standardom EN 13888.</p>
<p>###</p>
<p><strong>1. &#8211; Priprema površine</strong><br />
Ukloniti eventualne ostatke cementnog lepka i drugih nečistoća iz fugi kao<br />
i sa površine granita ili mermera.</p>
<p><strong>2. Nanošenje</strong><br />
Fuge se pune gumenom gletaricom, dijagonalnim otvaranjem i pritiskom<br />
na fugu, ne ostavljajući prazan prostor i ostatke materijala.</p>
<p><strong>Potrošnja</strong><br />
Za fugovanje spojeva od 0.2–3.0 kg/m², analogno sa debljinom pločica i<br />
širinom fugi.</p>
<p><strong>Rok trajanja &#8211; Skladištenje</strong><br />
Najmanje 24 meseca od datuma proizvodnje ukoliko se čuva na suvom, u<br />
prostorijama zaštićenim od vlage i direktnog izlaganja suncu.</p>

<p>Dvokomponentna fug masa za pločice na bazi epoksida.</p>
