{"id":23930,"date":"2019-06-08T11:19:07","date_gmt":"2019-06-08T11:19:07","guid":{"rendered":"https:\/\/deutschcolor.com\/sr\/?post_type=product&#038;p=23930"},"modified":"2019-07-12T10:10:10","modified_gmt":"2019-07-12T10:10:10","slug":"mortel-m10","status":"publish","type":"product","link":"https:\/\/deutschcolor.com\/sr\/product\/mortel-m10\/","title":{"rendered":"M\u00d6RTEL M10"},"content":{"rendered":"<p><strong>Karakteristike<\/strong><br \/>\nM\u00f6rtel M10 je unapred pripremljeni proizvod na bazi cementa, oja\u010dan<br \/>\nmodifikovanim polimerima bez korozivnih sastojaka, pogodan za<br \/>\nunutra\u0161nju i spolja\u0161nju upotrebu ii ma slede\u0107a svojstva:<br \/>\n\u2013 Vrlo je ekonomi\u010dan.<br \/>\n\u2013 Dobro prijanja na podlogu na koju se nanosi.<br \/>\n\u2013 Vrlo otporan na vlagu.<br \/>\n\u2013 U saglasnosti sa standardom EN 998-1.<\/p>\n<p><strong>Podru\u010dje primene<\/strong><br \/>\nM\u00f6rtel M10 se koristi za reparacije radova u anti\u010dkom stilu, u zidarstvu i<br \/>\nsl. M\u00f6rtel M10 se nanosi u debljini do 2 cm za ve\u0107e povr\u0161ine i do 5 cm za<br \/>\nsitne popravke.<\/p>\n<p>###<\/p>\n<p><strong>Potro\u0161nja<\/strong><br \/>\nPribli\u017eno 15 kg\/m\u00b2 za cm debljine.<\/p>\n<p><strong>Pakovanje<\/strong><br \/>\nM\u00f6rtel M10 se pakuje u d\u017eakove te\u017eine 25 kg.<\/p>\n<p><strong>Rok trajanja &#8211; Skladi\u0161tenje<\/strong><br \/>\n12 meseci od datuma proizvodnje ako se proizvod \u010duva u neotvoren,<br \/>\noriginalnom pakovanju, u prostorijama za\u0161ti\u0107enim od vlage i mraza.<\/p>\n","protected":false},"excerpt":{"rendered":"<p>Malter na bazi cemeta sa specijalnim aditivima, koristi<br \/>\nse za postizanje efekta anti\u010dkog izgleda. Slu\u017ei za malterisanje<br \/>\ni zavr\u0161nu obradu.<\/p>\n","protected":false},"featured_media":24545,"template":"","meta":[],"_links":{"self":[{"href":"https:\/\/deutschcolor.com\/sr\/wp-json\/wp\/v2\/product\/23930"}],"collection":[{"href":"https:\/\/deutschcolor.com\/sr\/wp-json\/wp\/v2\/product"}],"about":[{"href":"https:\/\/deutschcolor.com\/sr\/wp-json\/wp\/v2\/types\/product"}],"wp:featuredmedia":[{"embeddable":true,"href":"https:\/\/deutschcolor.com\/sr\/wp-json\/wp\/v2\/media\/24545"}],"wp:attachment":[{"href":"https:\/\/deutschcolor.com\/sr\/wp-json\/wp\/v2\/media?parent=23930"}],"curies":[{"name":"wp","href":"https:\/\/api.w.org\/{rel}","templated":true}]}}

MÖRTEL M10

<p><strong>Karakteristike</strong><br />
Mörtel M10 je unapred pripremljeni proizvod na bazi cementa, ojačan<br />
modifikovanim polimerima bez korozivnih sastojaka, pogodan za<br />
unutrašnju i spoljašnju upotrebu ii ma sledeća svojstva:<br />
– Vrlo je ekonomičan.<br />
– Dobro prijanja na podlogu na koju se nanosi.<br />
– Vrlo otporan na vlagu.<br />
– U saglasnosti sa standardom EN 998-1.</p>
<p><strong>Područje primene</strong><br />
Mörtel M10 se koristi za reparacije radova u antičkom stilu, u zidarstvu i<br />
sl. Mörtel M10 se nanosi u debljini do 2 cm za veće površine i do 5 cm za<br />
sitne popravke.</p>
<p>###</p>
<p><strong>Potrošnja</strong><br />
Približno 15 kg/m² za cm debljine.</p>
<p><strong>Pakovanje</strong><br />
Mörtel M10 se pakuje u džakove težine 25 kg.</p>
<p><strong>Rok trajanja &#8211; Skladištenje</strong><br />
12 meseci od datuma proizvodnje ako se proizvod čuva u neotvoren,<br />
originalnom pakovanju, u prostorijama zaštićenim od vlage i mraza.</p>

<p>Malter na bazi cemeta sa specijalnim aditivima, koristi<br />
se za postizanje efekta antičkog izgleda. Služi za malterisanje<br />
i završnu obradu.</p>
