{"id":24031,"date":"2019-06-08T14:00:03","date_gmt":"2019-06-08T14:00:03","guid":{"rendered":"https:\/\/deutschcolor.com\/sr\/?post_type=product&#038;p=24031"},"modified":"2019-07-12T10:35:31","modified_gmt":"2019-07-12T10:35:31","slug":"mineral-megagrund","status":"publish","type":"product","link":"https:\/\/deutschcolor.com\/sr\/product\/mineral-megagrund\/","title":{"rendered":"MINERAL MEGAGRUND"},"content":{"rendered":"<p><strong>Karakteristike<\/strong><br \/>\n&#8211; Predstavlja materijal u obliku praha, sar\u017ei cement, kre\u010d, pesak odabrane<br \/>\ngranulometrije, hidrofobnu sinteti\u010dku smolu i specijalne aditive.<br \/>\n&#8211; Karakteri\u0161e ga lako nano\u0161enje i odli\u010dna obradivost, \u010dime se olak\u0161ava<br \/>\nnano\u0161enje na tradicionalne podloge kao i podloge sa unapred pripremljenim<br \/>\nmalterom.<br \/>\n&#8211; Du\u017ee vreme obradivosti, odli\u010dno prijanjanje na podlogu i nivelisanje<br \/>\npovr\u0161ine.<br \/>\n&#8211; Stvara odli\u010dnu hidroizolaciju na podlozi \u010dime olak\u0161ava nano\u0161enje<br \/>\ndekorativnog sloja.<br \/>\n&#8211; Stvara dobru vezu izme\u0111u primarnog maltera i dekorativnog premaza.<br \/>\n&#8211; Nanosi se u debljini do 3 mm.<\/p>\n<p>###<\/p>\n<p><strong>Priprema podloge<\/strong><br \/>\nPovr\u0161ina i podloga na koju se Mineral Megagrund nanosi treba da bude<br \/>\nravna i stabilna. Povr\u0161ine deblje od 3 mm treba da budu iznivelisane pre<br \/>\nnjegovog nano\u0161enja.<\/p>\n<p><strong>Na\u010din nano\u0161enja proizvoda<\/strong><br \/>\nRazliti materijal metalnom \u0161pahtlom kako bi se obezbedilo jednoobrazno<br \/>\nrasprostiranje po celoj povr\u0161ini. Drugi sloj se nanosi 30 minuta nakon<br \/>\nnano\u0161enja prvog sloja. Temperatura sredine zna\u010dajno uti\u010de na vreme<br \/>\nobradivosti proizvoda; \u0161to je ni\u017ea temperatura, to je du\u017ee vreme obradivosti.<\/p>\n","protected":false},"excerpt":{"rendered":"<p>Materijal za poravnavanje, koristi se za podloge koje \u0107e<br \/>\nbiti premazane dekorativnim slojem.<\/p>\n","protected":false},"featured_media":24598,"template":"","meta":[],"_links":{"self":[{"href":"https:\/\/deutschcolor.com\/sr\/wp-json\/wp\/v2\/product\/24031"}],"collection":[{"href":"https:\/\/deutschcolor.com\/sr\/wp-json\/wp\/v2\/product"}],"about":[{"href":"https:\/\/deutschcolor.com\/sr\/wp-json\/wp\/v2\/types\/product"}],"wp:featuredmedia":[{"embeddable":true,"href":"https:\/\/deutschcolor.com\/sr\/wp-json\/wp\/v2\/media\/24598"}],"wp:attachment":[{"href":"https:\/\/deutschcolor.com\/sr\/wp-json\/wp\/v2\/media?parent=24031"}],"curies":[{"name":"wp","href":"https:\/\/api.w.org\/{rel}","templated":true}]}}

<p><strong>Karakteristike</strong><br />
&#8211; Predstavlja materijal u obliku praha, sarži cement, kreč, pesak odabrane<br />
granulometrije, hidrofobnu sintetičku smolu i specijalne aditive.<br />
&#8211; Karakteriše ga lako nanošenje i odlična obradivost, čime se olakšava<br />
nanošenje na tradicionalne podloge kao i podloge sa unapred pripremljenim<br />
malterom.<br />
&#8211; Duže vreme obradivosti, odlično prijanjanje na podlogu i nivelisanje<br />
površine.<br />
&#8211; Stvara odličnu hidroizolaciju na podlozi čime olakšava nanošenje<br />
dekorativnog sloja.<br />
&#8211; Stvara dobru vezu između primarnog maltera i dekorativnog premaza.<br />
&#8211; Nanosi se u debljini do 3 mm.</p>
<p>###</p>
<p><strong>Priprema podloge</strong><br />
Površina i podloga na koju se Mineral Megagrund nanosi treba da bude<br />
ravna i stabilna. Površine deblje od 3 mm treba da budu iznivelisane pre<br />
njegovog nanošenja.</p>
<p><strong>Način nanošenja proizvoda</strong><br />
Razliti materijal metalnom špahtlom kako bi se obezbedilo jednoobrazno<br />
rasprostiranje po celoj površini. Drugi sloj se nanosi 30 minuta nakon<br />
nanošenja prvog sloja. Temperatura sredine značajno utiče na vreme<br />
obradivosti proizvoda; što je niža temperatura, to je duže vreme obradivosti.</p>

<p>Materijal za poravnavanje, koristi se za podloge koje će<br />
biti premazane dekorativnim slojem.</p>
