{"id":24032,"date":"2019-06-08T14:01:00","date_gmt":"2019-06-08T14:01:00","guid":{"rendered":"https:\/\/deutschcolor.com\/sr\/?post_type=product&#038;p=24032"},"modified":"2019-07-12T10:35:50","modified_gmt":"2019-07-12T10:35:50","slug":"acrylex","status":"publish","type":"product","link":"https:\/\/deutschcolor.com\/sr\/product\/acrylex\/","title":{"rendered":"ACRYLEX"},"content":{"rendered":"<p><strong>Karakteristike<\/strong><br \/>\n\u2022 Ne sadr\u017ei amonijak<br \/>\n\u2022 Idealan za unutra\u0161nje i spolja\u0161nje kori\u0161\u0107enje<br \/>\n\u2022 Ne sadr\u017ei opasne substance kao \u0161to su te\u0161ki metali, slobodni formaldehidi,<br \/>\naromati\u010dni ugljovodenici itd.<\/p>\n<p><strong>Preporuke za upotrebu<\/strong><br \/>\nKoristi se na svim unutra\u0161njim i spolja\u0161nim zidovima, novi i mladim.<br \/>\nKoristi se kao povezivaju\u0107i premaz pre nano\u0161enja fasadni malter u<br \/>\ntermoizolacionim sistemima, u sistemima sa malterisanim starim zidovima<br \/>\nofarbanim bojom.<\/p>\n<p>###<\/p>\n<p><strong>Nano\u0161enje proizvoda<\/strong><br \/>\nProizvod Acrylex se nanosi \u010detkom ili valjkom. Ciklus nano\u0161enja obuhvata<br \/>\nnone\u0161enje najmanje jednog sloja premaza. Potrebno vreme izme\u0111u<br \/>\nnano\u0161enja sloja premaza i nano\u0161enja sloja grafiata (fasadni malter) je<br \/>\n2-4 sata, u zavisnosti vremenskih uslova, temperature i vlage. Prilikom<br \/>\nnano\u0161enja premaza izbegavajtje stvaranje membrane koja mo\u017ee stvarati<br \/>\nprobleme za prianjanje grafiata na podlozi. Operite \u010detke, valjke i drugi alat<br \/>\nvodom pre nego se proizvod osu\u0161i.<\/p>\n<p><strong>Skladi\u0161tenje<\/strong><br \/>\n36 meseci kada se \u010duva na suvim mestima, daleko od izvora toplote, na<br \/>\ntemperature izme\u0111u +5\u00b0C i +30\u00b0C. Za\u0161tititi od mraza.<\/p>\n","protected":false},"excerpt":{"rendered":"<p>Ekonomi\u010dni akrilni granilni premaz za prianjanje<br \/>\nfasadni malter<\/p>\n","protected":false},"featured_media":24599,"template":"","meta":[],"_links":{"self":[{"href":"https:\/\/deutschcolor.com\/sr\/wp-json\/wp\/v2\/product\/24032"}],"collection":[{"href":"https:\/\/deutschcolor.com\/sr\/wp-json\/wp\/v2\/product"}],"about":[{"href":"https:\/\/deutschcolor.com\/sr\/wp-json\/wp\/v2\/types\/product"}],"wp:featuredmedia":[{"embeddable":true,"href":"https:\/\/deutschcolor.com\/sr\/wp-json\/wp\/v2\/media\/24599"}],"wp:attachment":[{"href":"https:\/\/deutschcolor.com\/sr\/wp-json\/wp\/v2\/media?parent=24032"}],"curies":[{"name":"wp","href":"https:\/\/api.w.org\/{rel}","templated":true}]}}

<p><strong>Karakteristike</strong><br />
• Ne sadrži amonijak<br />
• Idealan za unutrašnje i spoljašnje korišćenje<br />
• Ne sadrži opasne substance kao što su teški metali, slobodni formaldehidi,<br />
aromatični ugljovodenici itd.</p>
<p><strong>Preporuke za upotrebu</strong><br />
Koristi se na svim unutrašnjim i spoljašnim zidovima, novi i mladim.<br />
Koristi se kao povezivajući premaz pre nanošenja fasadni malter u<br />
termoizolacionim sistemima, u sistemima sa malterisanim starim zidovima<br />
ofarbanim bojom.</p>
<p>###</p>
<p><strong>Nanošenje proizvoda</strong><br />
Proizvod Acrylex se nanosi četkom ili valjkom. Ciklus nanošenja obuhvata<br />
nonešenje najmanje jednog sloja premaza. Potrebno vreme između<br />
nanošenja sloja premaza i nanošenja sloja grafiata (fasadni malter) je<br />
2-4 sata, u zavisnosti vremenskih uslova, temperature i vlage. Prilikom<br />
nanošenja premaza izbegavajtje stvaranje membrane koja može stvarati<br />
probleme za prianjanje grafiata na podlozi. Operite četke, valjke i drugi alat<br />
vodom pre nego se proizvod osuši.</p>
<p><strong>Skladištenje</strong><br />
36 meseci kada se čuva na suvim mestima, daleko od izvora toplote, na<br />
temperature između +5°C i +30°C. Zaštititi od mraza.</p>

<p>Ekonomični akrilni granilni premaz za prianjanje<br />
fasadni malter</p>
